{"id":2719,"date":"2023-07-22T18:28:12","date_gmt":"2023-07-22T18:28:12","guid":{"rendered":"https:\/\/sweet-yarco.pl\/?post_type=product&#038;p=2719"},"modified":"2023-07-22T18:28:13","modified_gmt":"2023-07-22T18:28:13","slug":"oplatek-tortowy-pilka-mikasa-siatkowka","status":"publish","type":"product","link":"https:\/\/sweet-yarco.pl\/index.php\/produkt\/oplatek-tortowy-pilka-mikasa-siatkowka\/","title":{"rendered":"OP\u0141ATEK TORTOWY PI\u0141KA MIKASA SIATK\u00d3WKA"},"content":{"rendered":"<p>Op\u0142atek tortowy PI\u0141KA DO SIATK\u00d3WKI o \u015brednicy  20 cm.<\/p>\n<p>Klient mo\u017ce dodatkowo poprosi\u0107 o nadrukowanie gratis dowolnego napisu na op\u0142atku, jednak\u017ce w\u00f3wczas musi zamie\u015bci\u0107 t\u0119 informacj\u0119 w uwagach do sprzedawcy w zak\u0142adce p\u0142atno\u015bci za produkt.<\/p>\n<p>Na innej naszej aukcji zakupisz tak\u017ce \u017cel nab\u0142yszczaj\u0105cy do op\u0142atk\u00f3w (kod produktu id_2256)<\/p>\n<p>Klient ma tak\u017ce mo\u017cliwo\u015b\u0107 wykonania dowolnego wydruku ze swojego zdj\u0119cia przes\u0142anego nam mailem  w formacie .jpg<\/p>\n<p>Zapraszamy na inne nasze aukcje z dekoracjami, jeste\u015bmy liderami w swojej dziedzinie.<\/p>\n","protected":false},"excerpt":{"rendered":"<p>Op\u0142atek tortowy PI\u0141KA DO SIATK\u00d3WKI o \u015brednicy 20 cm. Klient mo\u017ce dodatkowo poprosi\u0107 o nadrukowanie gratis dowolnego napisu na op\u0142atku,&hellip;<\/p>\n","protected":false},"featured_media":2720,"comment_status":"closed","ping_status":"closed","template":"","meta":[],"product_cat":[15,31],"product_tag":[],"_links":{"self":[{"href":"https:\/\/sweet-yarco.pl\/index.php\/wp-json\/wp\/v2\/product\/2719"}],"collection":[{"href":"https:\/\/sweet-yarco.pl\/index.php\/wp-json\/wp\/v2\/product"}],"about":[{"href":"https:\/\/sweet-yarco.pl\/index.php\/wp-json\/wp\/v2\/types\/product"}],"replies":[{"embeddable":true,"href":"https:\/\/sweet-yarco.pl\/index.php\/wp-json\/wp\/v2\/comments?post=2719"}],"wp:featuredmedia":[{"embeddable":true,"href":"https:\/\/sweet-yarco.pl\/index.php\/wp-json\/wp\/v2\/media\/2720"}],"wp:attachment":[{"href":"https:\/\/sweet-yarco.pl\/index.php\/wp-json\/wp\/v2\/media?parent=2719"}],"wp:term":[{"taxonomy":"product_cat","embeddable":true,"href":"https:\/\/sweet-yarco.pl\/index.php\/wp-json\/wp\/v2\/product_cat?post=2719"},{"taxonomy":"product_tag","embeddable":true,"href":"https:\/\/sweet-yarco.pl\/index.php\/wp-json\/wp\/v2\/product_tag?post=2719"}],"curies":[{"name":"wp","href":"https:\/\/api.w.org\/{rel}","templated":true}]}}